{"id":35,"date":"2022-03-29T17:13:03","date_gmt":"2022-03-29T17:13:03","guid":{"rendered":"http:\/\/tumador.com\/?page_id=35"},"modified":"2025-02-04T14:27:45","modified_gmt":"2025-02-04T14:27:45","slug":"about","status":"publish","type":"page","link":"https:\/\/tumador.com\/?page_id=35","title":{"rendered":"\u00c0 PROPOS DE NOUS"},"content":{"rendered":"\n<div class=\"wp-block-group alignfull has-global-padding is-layout-constrained wp-block-group-is-layout-constrained\">\n<div class=\"wp-block-group has-global-padding is-layout-constrained wp-block-group-is-layout-constrained\">\n<div class=\"wp-block-columns alignfull is-not-stacked-on-mobile is-layout-flex wp-container-core-columns-is-layout-1 wp-block-columns-is-layout-flex\">\n<div class=\"wp-block-column is-layout-flow wp-block-column-is-layout-flow\" style=\"flex-basis:100%\">\n<div class=\"wp-block-group alignwide has-global-padding is-layout-constrained wp-block-group-is-layout-constrained\">\n<div class=\"wp-block-group has-global-padding is-layout-constrained wp-block-group-is-layout-constrained\">\n<div style=\"height:26px\" aria-hidden=\"true\" class=\"wp-block-spacer\"><\/div>\n\n\n\n<p class=\"has-medium-font-size\">\u00c0 travers des chansons pop, modernes et f\u00e9d\u00e9ratrices, Emma et Paul d\u00e9lient leurs \u00e9motions pour raconter des histoires intimes mais universelles.<\/p>\n\n\n\n<p class=\"has-medium-font-size\">Sur sc\u00e8ne, le jeune couple ouvre les portes de sa bulle et appelle la foule \u00e0 voyager au gr\u00e9 d&rsquo;une \u00e9nergie rock \u00e9lectrisante port\u00e9e par un halo lumineux o\u00f9 chaque refrain invite \u00e0 se rassembler et dont les m\u00e9lodies r\u00e9sonnent longtemps dans les c\u0153urs et les t\u00eates.<\/p>\n\n\n\n<p class=\"has-medium-font-size\">Accompagn\u00e9s par Damien Bolo (Shake Shake Go, C2C, SCH&#8230;) et l\u2019\u00c9chonova (SMAC), TU M\u2019ADOR sort son premier EP \u00ab\u00a0PRO\u00caME\u00a0\u00bb \u00e0 l&rsquo;automne 2023 et ouvre le festival du Roi Arthur en ao\u00fbt 2024 suivi de Hamza, Herv\u00e9 ou encore Lost Frequencies.<\/p>\n<\/div>\n<\/div>\n<\/div>\n<\/div>\n<\/div>\n<\/div>\n\n\n\n<h3 class=\"wp-block-heading has-large-font-size\" id=\"inspiro-is-a-digital-product-agency-that-focuses-on-strategy-and-desig\" style=\"font-weight:300\">M\u00e9diterran\u00e9e<\/h3>\n\n\n\n<figure class=\"wp-block-embed alignwide is-type-video is-provider-youtube wp-block-embed-youtube wp-embed-aspect-16-9 wp-has-aspect-ratio\"><div class=\"wp-block-embed__wrapper\">\n<iframe loading=\"lazy\" title=\"TU M&#039;ADOR - M\u00e9diterran\u00e9e (Clip Officiel)\" width=\"950\" height=\"534\" src=\"https:\/\/www.youtube.com\/embed\/4g-Xhquw9iQ?feature=oembed\" frameborder=\"0\" allow=\"accelerometer; autoplay; clipboard-write; encrypted-media; gyroscope; picture-in-picture; web-share\" referrerpolicy=\"strict-origin-when-cross-origin\" allowfullscreen><\/iframe>\n<\/div><\/figure>\n\n\n\n<div style=\"height:100px\" aria-hidden=\"true\" class=\"wp-block-spacer\"><\/div>\n","protected":false},"excerpt":{"rendered":"<p>\u00c0 travers des chansons pop, modernes et f\u00e9d\u00e9ratrices, Emma et Paul d\u00e9lient leurs \u00e9motions pour raconter des histoires intimes mais universelles. Sur sc\u00e8ne, le jeune couple ouvre les portes de sa bulle et appelle la foule \u00e0 voyager au gr\u00e9 d&rsquo;une \u00e9nergie rock \u00e9lectrisante port\u00e9e par un halo lumineux o\u00f9 chaque refrain invite \u00e0 se &hellip; <\/p>\n<p class=\"link-more\"><a href=\"https:\/\/tumador.com\/?page_id=35\" class=\"more-link\">Lire la suite de<span class=\"screen-reader-text\">\u00ab\u00a0\u00c0 PROPOS DE NOUS\u00a0\u00bb<\/span><\/a><\/p>\n","protected":false},"author":1,"featured_media":699,"parent":0,"menu_order":0,"comment_status":"closed","ping_status":"closed","template":"","meta":{"om_disable_all_campaigns":false,"_monsterinsights_skip_tracking":false,"_monsterinsights_sitenote_active":false,"_monsterinsights_sitenote_note":"","_monsterinsights_sitenote_category":0,"footnotes":""},"class_list":["post-35","page","type-page","status-publish","has-post-thumbnail","hentry"],"_links":{"self":[{"href":"https:\/\/tumador.com\/index.php?rest_route=\/wp\/v2\/pages\/35","targetHints":{"allow":["GET"]}}],"collection":[{"href":"https:\/\/tumador.com\/index.php?rest_route=\/wp\/v2\/pages"}],"about":[{"href":"https:\/\/tumador.com\/index.php?rest_route=\/wp\/v2\/types\/page"}],"author":[{"embeddable":true,"href":"https:\/\/tumador.com\/index.php?rest_route=\/wp\/v2\/users\/1"}],"replies":[{"embeddable":true,"href":"https:\/\/tumador.com\/index.php?rest_route=%2Fwp%2Fv2%2Fcomments&post=35"}],"version-history":[{"count":97,"href":"https:\/\/tumador.com\/index.php?rest_route=\/wp\/v2\/pages\/35\/revisions"}],"predecessor-version":[{"id":1011,"href":"https:\/\/tumador.com\/index.php?rest_route=\/wp\/v2\/pages\/35\/revisions\/1011"}],"wp:featuredmedia":[{"embeddable":true,"href":"https:\/\/tumador.com\/index.php?rest_route=\/wp\/v2\/media\/699"}],"wp:attachment":[{"href":"https:\/\/tumador.com\/index.php?rest_route=%2Fwp%2Fv2%2Fmedia&parent=35"}],"curies":[{"name":"wp","href":"https:\/\/api.w.org\/{rel}","templated":true}]}}